)?
5
-16 + -22 + 90 + -102
-50
Evaluate -68 - ((6 - 50) + 16).
-40
What is the value of (59 - -4 - 34) + -59?
-30
Calculate 31 + (1 - 99) - -19.
-48
Evaluate 7 - 51 - (-5 - -2 - (-3 - (-16 + 10))).
-38
What is (-41 - -9 - (-12 + (14 - -3))) + -14?
-51
Calculate 1 - 0 - 4 - 34 - (-910 + 901).
-28
What is 29 + (9 - (-10 - 12) - (1 - -15))?
44
-18 + 6 + -15 + 11 + (0 - 0)
-16
(-89 - 52) + 75 + 144
78
Evaluate (43 - (-2 + 81)) + 118.
82
What is the value of 5 - ((-21 - (10 - -36)) + -15)?
87
-24 + 24 - -80 - (12 - 16 - (-1 + -5))
78
Calculate 133 + (21 + -22 - 114).
18
What is the value of -2 - (-3 + 7) - (23 + -40) - -19?
30
What is the value of 77 - 120 - ((-7 - 1) + 23 + -3)?
-55
Evaluate -70 + 40 + 2 + 31 + (-1 - -68).
70
What is 117 + -75 + 126 + -78?
90
What is 10 - (-64 - (-4 + (-15 + (21 - 12) - -7)))?
71
Calculate (-70 - 42) + 106 + 57.
51
What is the value of -23 + -3 + 28 + 21?
23
What is -115 - (-23 - 77 - 26)?
11
-3 - 20 - (-51 - (106 + -76))
58
What is the value of (-48 - 5) + 20 + 0 + (0 - 17)?
-50
What is the value of 83 + -4 + -128 + 70?
21
952 + -1013 + (0 - 7)
-68
-11 + -1 - ((-87 - -139) + -78)
14
Evaluate 42 - (-21 + 26 + 91).
-54
Calculate -25 + 8 + 21 + 56 - (0 - 14).
74
What is the value of (-64 + 76 - 70) + 129?
71
What is -18 + (-10 - -54) + (7 - 71)?
-38
-51 + -146 + 107 + 73
-17
-20 - -2 - (73 + -107 + 109)
-93
Evaluate 4 + 32 + 16 + -10 + -3 + 2.
41
Evaluate -18 + 16 + 10 + -7 - (1 - -7) - -9.
2
(-170 - (65 - 240)) + (17 - 0)
22
(2 + -82 - (8 - (-50 - -55))) + -10
-93
(-13 + 15 + -12 - -1) + (52 - 1)
42
What is the value of (-90 - (-20 - 16)) + 21 - -3?
-30
Evaluate -32 + -32 + -2 + 47.
-19
(10 - -8) + -34 - (-6 + -5 + 4)
-9
Evaluate 25 - 1 - 6 - 15.
3
What is (27 - 17 - ((-10 - 0) + 83)) + -8?
-71
Evaluate -84 - ((-19 - 17) + 9) - 39.
-96
(-107 - (-18 - 30)) + 83
24
Calculate 8 - 30 - 9 - -40 - (83 + (1 - -1)).
-76
What is the value of (-3 - -29 - 4 - (-11 + 21)) + 57?
69
What is the value of (4 + -7 - -4 - (200 + -194)) + 39?
34
What is the value of -17 - ((2 - 9) + (-8 - 20 - -36))?
-18
-3 - (8 + 2) - (-17 + (26 - 29) + 100)
-93
What is the value of 146 - (-68 - -36 - -93)?
85
Evaluate 117 + -182 + (59 - -57).
51
-86 + 62 - (9 - 7)
-26
Calculate -111 + 53 + 44 + -1 + 27 - 13 - -53.
52
Calculate 1 + ((16 - 11) + 3 + 2 - 4) + 20.
27
Evaluate 11 + -20 + -5 + (343 - 312).
17
-19 + 3 - (1158 - 1151)
-23
What is (-64 - (-73 + -81)) + -96?
-6
Calculate (0 - -2) + (54 - (-21 - (-36 + -39))).
2
Calculate (1119 - 1109) + (39 - (6 + -7)).
50
77 - (28 - (25 + -32))
42
What is the value of 76 - (-35 - -14 - -35)?
62
What is the value of (-8 + (-2 - 3) - -4) + 96 + -2?
85
Evaluate (2 + -23 - -4) + 31 + 12.
26
Evaluate -53 + -41 + 39 - -104.
49
What is the value of 7 + 0 + -11 + (12 - (5 + 2)) + 34?
35
Calculate -8850 + 8791 + -19 + 0 + -1.
-79
What is (-33 - (14 + -41)) + -20 + -2?
-28
What is (0 - 21) + (17 - -10) + -22 - -5?
-11
What is the value of 6 - (6 + -20 + -40 + 9 + 3)?
48
Evaluate -7 + (58 - (14 + -4 - -6)) + (-1 - -9).
43
(-118 + 140 - 0) + -66
-44
Calculate (2 - -15) + (195 - 197).
15
What is the value of 44 + (-10 + -11 - -9 - -15)?
47
Evaluate -55 + 79 + -151 + (-12 - -39).
-100
(-46 + 44 - (-2 + 0) - 7) + 3 - -47
43
Evaluate -46 + (-17 - 13) + 109 - -81.
114
What is -13 - 2 - ((-5 - -5) + -5) - -11 - -41?
42
Calculate (10 + -19 + 22 + 12 - 8) + 13.
30
What is -88 - (38 - (39 - 0))?
-87
-13 + 8 + 8 + -13 + 0 + 1 - -5
-4
Calculate 3 + 49 - (1301 - 1272).
23
Calculate (-630 - -620 - (-33 + 3)) + (-3 - -1) + 8.
26
What is the value of 54 + -53 + (-53 - -7) + 13?
-32
Evaluate -35 + (14 - ((-5 - (1 - (-5 - -17))) + 13)).
-40
What is the value of -48 + 47 - (0 + 2 + -4)?
1
5 - 55 - (170 + -204)
-16
Calculate 37 + 148 + -167 - (-1 + (1 + -3 - -14)).
7
Calculate 23 + (16 - (12 + -4 + -7)).
38
24 + (-47 - (20 - 2))
-41
-93 + -56 + 119 - -22 - (-1 + 0 + -12)
5
What is 14 - (-2 - 14 - (-164 - -152))?
18
What is the value of 22 - (8 - (8 + -1) - 10) - (-9 + -1)?
41
Calculate 17 + 2 + -22 + (31 - 48).
-20
Evaluate 15 - ((-56 - 1) + -82 + -35 + 100).
89
Calculate (11 - 2) + -1 + 2 - (-146 + 313 + -85).
-72
What is the value of 28 + (13 - 26) + -7 - (10 - 0)?
-2
Calculate -6 + 0 - 1 - (10 + (-117 + 47 - -41)).
12
What is the value of 148 + -110 + 6 + -1 + 0 + (-16 - 0)?
27
What is (9 - 10) + 11 + (2 - ((1 - 9) + -5))?
25
Calculate -66 - (-65 + -3 + 20).
-18
-1 + (3 - (7 + -24)) + (-14 - (-13 - -2))
16
Evaluate (-16 + -69 + 21 + -4 - 3) + -1 + 10.
-62
What is the value of -28 + (-19 - (-1 + -51) - 24) + -9?
-28
Calculate -70 - (-5 + ((4 - 10) + -12 + 8 - -3)).
-58
(219 - 212) + (-1 - (3 + -6)) + -8 + -50
-49
What is 211 + -82 + -62 + -40?
27
Evaluate 6 + 79 + (-11 - 0) + -45 + 63.
92
Evaluate -50 + -4 + 50 - (-6 + -2 + 3).
1
(65 - 26) + 16 + (-53 - -8)
10
What is the value of -59 + 85 + 29 + 67?
122
What is the value of (551 - 503) + -201 - (-17 - (-2 - -3))?
-135
What is 0 + 11 + (-75 - -108)?
44
Evaluate 478 + -422 + (-15 - (-3 + 1)).
43
-6 + (14 - 14) + 33 - 119
-92
Calculate -69 + 28 + -39 - (3 + -4 + (4 - 4)).
-79
23 + 3 - 1 - (-369 + 390)
4
Calculate (39 + -49 - -30) + 38 + 1.
59
What is the value of 0 + -5 - (-11 - (13 - (-15 - (-25 + -4))))?
5
What is -45 + 47 + -7 + -2?
-7
Evaluate (-23 - -85) + -66 - (4 + -75).
67
Calculate -34 + 37 + (-2 + 8 - (7 - 22)).
24
Evaluate -43 - (-47 - (-34 + 23)) - (-90 - -1).
82
10 + -20 - (-17 - -7) - 14 - 5
-19
What is 16 + (-93 - (12 - 0)) + 34 + -49?
-104
Calculate (15 - (77 + -8)) + 32 + 10.
-12
What is 16 + (10 - 15 - -12) + (-6 + -3 - -2)?
16
(-95 - -171) + (-107 - -106)
75
What is 29 + -4 + (-35 - -37) + 73?
100
What is 12 + (15 + -97 - -77)?
7
What is the value of 95 + 0 + (-12 - (36 + -29))?
76
Calculate -8 + 7 - ((107 - 42) + -54).
-12
What is the value of 0 + -62 - (31 + -28 - (3 - 8))?
-70
(236 - 409) + (94 - -7)
-72
What is -33 + 1 + 31 + (7 - (8 + 26))?
-28
What is the value of (1 - 5) + 50 + -7 + -27 + -9 + 17?
20
Evaluate -16 - (82 - (51 + 69)).
22
What is -27 + (10 - 1) - (-111 + 142)?
-49
What is the value of 11 - (-14 - -20 - -5) - -47?
47
77 - ((-67 - -95) + 37)
12
Calculate 8 + 30 - (2 - -2 - (-3 + 24)).
55
What is -6 + (56 - 29 - 20) + 31?
32
What is the value of 18 + 44 + 4 + -63?
3
What is (-46 - ((5 - -5) + -12)) + 10 - 3?
-37
What is the value of -63 - (31 + -20 + -29)?
-45
Evaluate -1 - -1 - 67 - (-62 + -221 + 283).
-67
Calculate (4 + -13 - 9) + -1.
-19
Evaluate -52 + -36 + 76 + 22.
10
What is the value of (-16 - -13) + 16 + 0 + 28?
41
What is the value of 1 + -96 - (4 - (-137 - -155))?
-81
Evaluate 55 + (84 - 156) - 15 - (1 + 10).
-43
Evaluate -77 + (-39 - 11 - -24) + 44.
-59
What is -38 + (6 - (-3 - (23 - 13)))?
-19
What is the value of 15 + -54 + -6 + 6 + -2 - (8 + 1)?
-50
Calculate 28 + (6 - 14) - 7 - -17.
30
What is the value of (-1 + 1 - 11) + ((13 - 8) + 33 - -4)?
31
Evaluate 3 + 50 - ((17 + 0 - 4) + (29 - 41)).
52
What is -71 + (-68 + 39 - -78) - (2 - -81)?
-105
23 + 13 + -15 - (7 + 2)
12
What is the value of -20 - (-26 + 46 + (3 - 11) - 23)?
-9
What is the value of -37 + (573 - 549) + 2 + -49?
-60
Evaluate -105 + (-127 - (57 + -184)).
-105
What is the value of 6722 + -6823 + (0 - -38)?
-63
What is the value of (2 + -4 - 1) + 1 + 96 + 57 + -150?
1
Calculate -42 - ((-53 - -141) + -88).
-42
Evaluate (7 - 1) + (9 - 9) + (-6 - 16 - -6).
-10
Calculate -36 - (11 + -8 + -11 + 61).
-89
Calculate (78 - 12) + 18 - 92.
-8
-15 + (-19 + 0 - (156 - 173) - -50)
33
Evaluate 81 - -2 - 0 - (32 - 87 - -69).
69
(100 - 39) + -54 + -15
-8
What is the value of -59 - (15 + -110 - 24)?
60
Calculate (81 - -61 - 112) + 2 + 18.
50
What is the value of 1 + (-3 - -1) - -1 - (-58457 + 58458)?
-1
Calculate -56 - (-175 + 16 - -61).
42
3352 + -3336 + 1 + 27
44
Calculate 7 + (5 - (1 - 1) - (50 + -11)).
-27
What is the value of 2 - ((4 - 4) + -40 + 33 - 13)?
22
Calculate -58 + (3 + 20 - 22).
-57
What is the value of (-47 - (15 + -2 + -23 + 13)) + -2?
-52
27 - (-57 - (-1 + -47))
36
What is -3 + (1 - 1) + (-3693 - -3624)?
-72
66 - (97 - (-31 - -80))
18
-3 + (-47 - -14) - (10 + (-25 - -31))
-52
Calculate -8 + 8 + (-7 - 5) + (10 - 10).
-12
Calculate 261 + -252 + (33 + -32 - (-1 - -6)).
5
Calculate (2 + -2 - -8) + (-8 - 111) + 61.
-50
-92 + 1 - (-49 + -25 + 17 + 39)
-73
Evaluate -188 + 453 +